
In base 10, what is -5 - 148?
-153
In base 13, what is -67 + -81?
-118
In base 16, what is -281 + -4?
-285
In base 2, what is -1 + 10010010111?
10010010110
In base 2, what is -11100 + 11110?
10
In base 3, what is -12 - -12000020?
12000001
In base 6, what is -3 + -20?
-23
In base 9, what is 11424 + -2?
11422
In base 11, what is 1 - -733?
734
In base 5, what is -202 + -30?
-232
In base 14, what is -1 - -4a?
49
In base 12, what is -1274 + 2?
-1272
In base 2, what is -100101 + 0?
-100101
In base 3, what is 1 + -21222101?
-21222100
In base 3, what is 0 + 2010212?
2010212
In base 13, what is -22 + -5?
-27
In base 15, what is -2c + -a?
-37
In base 8, what is -46 + -24?
-72
In base 9, what is 6 + 81?
87
In base 8, what is 16 - -16?
34
In base 6, what is -213023 + -1?
-213024
In base 5, what is 304101 - -1?
304102
In base 9, what is 283 + 3?
286
In base 12, what is 3389 + -3?
3386
In base 11, what is 1a + -19?
1
In base 16, what is -76 + 2?
-74
In base 4, what is -1 + -23?
-30
In base 12, what is -8 - -1a8?
1a0
In base 14, what is 6 + -127?
-121
In base 15, what is -127 + 5?
-122
In base 11, what is 5 - 94?
-8a
In base 15, what is 22 - 1?
21
In base 8, what is -12 - 2?
-14
In base 7, what is 3 + -412?
-406
In base 16, what is 8 + -16?
-e
In base 2, what is -10111 + 110?
-10001
In base 15, what is 1b9 - -4?
1bd
In base 10, what is -2 + 10?
8
In base 4, what is 1002 + -22?
320
In base 13, what is 1 + 73?
74
In base 7, what is 61533 - -2?
61535
In base 15, what is 4 - -10c?
111
In base 11, what is -5 - -53?
49
In base 14, what is 8356 + -2?
8354
In base 6, what is 3 + 5214?
5221
In base 5, what is -344 + 212?
-132
In base 11, what is 7 - 191?
-185
In base 11, what is -28 - 40?
-68
In base 13, what is 4 - -9?
10
In base 2, what is -1001000011 - -10011?
-1000110000
In base 4, what is -1 + -303?
-310
In base 12, what is 1 + 52?
53
In base 2, what is 1011011 + -11100?
111111
In base 3, what is 1 - 101022?
-101021
In base 15, what is 3 - -ed?
101
In base 6, what is 132 - 14?
114
In base 12, what is -90 - -3?
-89
In base 3, what is -12002 - 12?
-12021
In base 16, what is -58 + -5?
-5d
In base 9, what is 42 + -5?
36
In base 2, what is -10000 - -11000?
1000
In base 16, what is -1cd - 3?
-1d0
In base 15, what is 3e + 5?
44
In base 8, what is -1154 + 3?
-1151
In base 8, what is -1 + -54?
-55
In base 12, what is 0 + -19?
-19
In base 15, what is -49 + 3?
-46
In base 12, what is 26 - 0?
26
In base 6, what is -140 + 12?
-124
In base 13, what is -644 + 1?
-643
In base 15, what is 5e3 + -7?
5db
In base 7, what is -50 + 10?
-40
In base 8, what is 1400 - 3?
1375
In base 4, what is -11 - 123?
-200
In base 9, what is 2 + 300?
302
In base 6, what is 201 + 4?
205
In base 15, what is -334 - -10?
-324
In base 14, what is 12 - 1ac?
-19a
In base 10, what is 0 - 236?
-236
In base 5, what is -312 - -21?
-241
In base 2, what is -100 + 11111000?
11110100
In base 3, what is -2 + -12?
-21
In base 10, what is 3 - -741?
744
In base 12, what is 89 - -4?
91
In base 8, what is -2 + -310?
-312
In base 13, what is -5c + -45?
-a4
In base 2, what is 110110101100 + 101?
110110110001
In base 8, what is -5 + -4404?
-4411
In base 11, what is 4936 + -1?
4935
In base 14, what is a0dd + -3?
a0da
In base 4, what is 110003 - -102?
110111
In base 9, what is 5 - 15?
-10
In base 16, what is 621 - -3?
624
In base 5, what is -1 - -32?
31
In base 3, what is 101121 + -200?
100221
In base 4, what is -30013 + -103?
-30122
In base 15, what is -e9 + -27?
-121
In base 12, what is 5 + -501?
-4b8
In base 16, what is -41 - -4?
-3d
In base 9, what is -3482 - -6?
-3475
In base 13, what is b + -65?
-57
In base 3, what is 2 + 1210111?
1210120
In base 16, what is -2 - -73?
71
In base 7, what is -1451 + 5?
-1443
In base 14, what is 426 - -1?
427
In base 15, what is -61 - -3?
-5d
In base 8, what is 3 + 602?
605
In base 16, what is -3c - 12?
-4e
In base 5, what is 2 - 403?
-401
In base 5, what is 12 - 20?
-3
In base 16, what is -1 + 69?
68
In base 5, what is -110303 + 1?
-110302
In base 5, what is -323 + 104?
-214
In base 3, what is -1002 + -1122?
-2201
In base 9, what is 118 + -1?
117
In base 4, what is 0 + -11111?
-11111
In base 5, what is 0 - -4014?
4014
In base 7, what is 0 + -60?
-60
In base 15, what is 8 - 0?
8
In base 9, what is 3 + -40?
-36
In base 9, what is 181 + 3?
184
In base 3, what is 12001 + -20111?
-1110
In base 5, what is -11 + -12?
-23
In base 7, what is -5244 - 0?
-5244
In base 5, what is 1042 - -13?
1110
In base 8, what is 3 + -44?
-41
In base 14, what is -59 - -16?
-43
In base 2, what is 1011010 + 10000?
1101010
In base 11, what is 1518 - 3?
1515
In base 10, what is 3 - 657?
-654
In base 13, what is -12 + 8?
-7
In base 11, what is -5 + -22?
-27
In base 15, what is -177 - 2?
-179
In base 12, what is -13 + -6?
-19
In base 14, what is 3ad4 - 0?
3ad4
In base 9, what is 0 - -1323?
1323
In base 11, what is -112 - 2?
-114
In base 6, what is -2 - -201?
155
In base 7, what is -20 + 22?
2
In base 10, what is -1 + -99?
-100
In base 16, what is -1 + -135?
-136
In base 11, what is 3 - -19?
21
In base 2, what is -11101111 + -1?
-11110000
In base 16, what is -15a + 4?
-156
In base 2, what is -110 - -1001010010?
1001001100
In base 3, what is -1 + -1002211?
-1002212
In base 2, what is -1100001010 - 0?
-1100001010
In base 3, what is 10000 + 10?
10010
In base 11, what is -3a9 + -3?
-401
In base 16, what is 4 + 53?
57
In base 9, what is -2 + -187?
-200
In base 14, what is 46 - -3?
49
In base 14, what is -3 + 286?
283
In base 2, what is -1000010011 - 101?
-1000011000
In base 6, what is 222 - 12?
210
In base 6, what is -31 - -200?
125
In base 6, what is -2120 + -31?
-2151
In base 16, what is -4 + -157?
-15b
In base 9, what is -110 + -150?
-260
In base 8, what is -1 - 1?
-2
In base 4, what is -1021 - -1?
-1020
In base 2, what is 10000000010 - 10?
10000000000
In base 16, what is 17 - -136?
14d
In base 2, what is 10100 + 1?
10101
In base 14, what is -89 + 6?
-83
In base 9, what is 5 - -2105?
2111
In base 4, what is -10330 - -1?
-10323
In base 3, what is -222 - -2?
-220
In base 10, what is 1 - 6582?
-6581
In base 6, what is -20123 + -12?
-20135
In base 3, what is -12 + 1221022?
1221010
In base 15, what is -1e0 - -4?
-1db
In base 2, what is -1101 + 10101?
1000
In base 11, what is -2a + 2?
-28
In base 8, what is 102 + 60?
162
In base 6, what is -4 - -54?
50
In base 16, what is -6b + b?
-60
In base 8, what is 33 + 106?
141
In base 2, what is 1000001001 - 1?
1000001000
In base 15, what is 16 - 4?
12
In base 9, what is -5 + -474?
-480
In base 15, what is c51 - 5?
c4b
In base 13, what is 2 + -438?
-436
In base 13, what is 5 + -519?
-514
In base 8, what is -713 - -3?
-710
In base 13, what is -5b4 - 3?
-5b7
In base 8, what is 3 + 127?
132
In base 15, what is 3 + 169?
16c
In base 15, what is -4 - 58?
-5c
In base 16, what is -2 + 11ea?
11e8
In base 6, what is 103 - 5?
54
In base 15, what is 7 + 87?
8e
In base 15, what is -d7 - 44?
-12b
In base 9, what is 0 - -512?
512
In base 12, what is -1a - 8a?
-a8
In base 2, what is -101110011 - -1?
-101110010
In base 16, what is -665 - -3?
-662
In base 13, what is 5 + -5a?
-55
In base 13, what is 98 - 10?
88
In base 7, what is 34 - 4?
30
In base 16, what is 10 - 3d?
-2d
In base 2, what is 1010 + 1001000011?
1001001101
In base 11, what is -1161 + 2?
-115a
In base 12, what is -3 + 1a6?
1a3
In base 12, what is -1 + 217b?
217a
In base 14, what is 20 - -1ca?
20a
In base 13, what is 30a - 0?
30a
In base 10, what is -8460 + 4?
-8456
In base 6, what is 0 + 1223?
1223
In base 4, what is 0 + 301?
301
In base 7, what is 10 + 246?
256
In base 4, what is -11 - -2101?
2030
In base 4, what is 21001 - -3?
21010
In base 8, what is 10 + -6?
2
In base 8, what is 16 - 0?
16
In base 15, what is -13 - -3?
-10
In base 14, what is 2 - -393?
395
In base 13, what is -1 + 328?
327
In base 16, what is 3 + 79?
7c
In base 14, what is 5 + -1ab?
-1a6
In base 8, what is -2 - 43?
-45
In base 3, what is 1220 + -1212?
1
In base 5, what is 1034 - -2?
1041
In base 13, what is -51 - -29?
-25
In base 11, what is 1a + 61?
80
In base 9, what is -643 - -24?
-618
In base 10, what is 4 + 26?
30
In base 8, what is -126 + 5?
-121
In base 3, what is -110211102 + -2?
-110211111
In base 7, what is 11 - -104?
115
In base 14, what is -29 - -3?
-26
